ppose -6 = -6*n + s. What is the highest common factor of n and o?
2
Suppose -4 = 3*j - 31. Let g = 11 - j. What is the highest common divisor of 10 and g?
2
Let c(o) = 9*o - 12. Let y be c(6). What is the greatest common factor of 14 and y?
14
Suppose -6*y = -2*y + 36. Let p be 3/(y/(-6)) - -9. Calculate the greatest common divisor of 33 and p.
11
Let r = -84 + 142. Let y be r*1/2 - -1. What is the greatest common factor of y and 10?
10
Let c be ((-6)/(-1))/((-18)/(-18)). Calculate the highest common divisor of 102 and c.
6
Suppose -10 = -3*d - 1. What is the highest common divisor of d and 18?
3
Let l = 6 - 6. Suppose l = 3*d - 28 - 8. What is the highest common factor of d and 3?
3
Let l be ((-27)/(-6))/((-2)/(-4)). Let h be l/2*8/(-6). Let f be 3/(0 + (-9)/h). Calculate the greatest common factor of f and 22.
2
Suppose -5*n + 4*q = -10, -q = -0*n - 4*n + 19. Let l(c) = -21*c. Let r be l(-3). Let j = r + -21. What is the highest common divisor of j and n?
6
Suppose n = 3*a + 10, -5*n + 3*a - 2 = -4. Let c be (-5)/((n/(-18))/(-1)). Let t be (2 + (7 - 4))/1. Calculate the greatest common divisor of t and c.
5
Let q(v) = -16*v + 10. Let a be q(-5). What is the highest common divisor of 18 and a?
18
Let s(o) = o**2 + 5*o + 2. Suppose 0 = -5*n + 1 - 31. Let j be s(n). Let v = -186 + 274. What is the greatest common divisor of j and v?
8
Suppose 4 = -m + 5*z - 4, -2*m + 4*z - 10 = 0. Let y = m - -15. Let a = 20 - 12. What is the highest common factor of a and y?
4
Suppose 2*q + 3 = 9. Suppose 0 = g + 2*g - 90. Suppose q*l - g = 27. What is the greatest common divisor of l and 38?
19
Let d be (-4)/(0 - (-6)/3). Let a be (-3 - d) + (-104)/(-2). Calculate the greatest common divisor of 34 and a.
17
Suppose -x - 3*y + 10 = -0*x, 3*x = -3*y + 30. What is the greatest common divisor of x and 20?
10
Let l be (4/(-6))/(4/(-78)). Let d(m) = m**2 + m + 3. Let t be d(0). Suppose b - 11 = o - 104, -o + t*b = -97. Calculate the greatest common factor of o and l.
13
Let r = -350 - -581. Calculate the greatest common factor of r and 21.
21
Suppose 2*j - 5 = 3, 0 = -2*a + 4*j + 32. What is the highest common divisor of a and 3?
3
Let m = -16 - -16. Suppose 3*w + m*w = 18. Calculate the greatest common factor of 2 and w.
2
Let r(z) be the first derivative of z**4/4 + 2*z**3 + z**2 - 5*z + 5. Let v be r(-5). What is the greatest common divisor of 10 and v?
10
Let x = 9 + -7. Suppose 0 = -3*m + 5*t + 609, x*t = 3*m - 2*t - 606. Calculate the highest common factor of 22 and m.
22
Let m(w) = 5*w - 3. Let k be m(3). Suppose -o - 3*o = -k. What is the highest common divisor of 15 and o?
3
Let r(t) = 22*t**2 + 1. Let b be r(1). Let j = b + -12. Let x = 78 - -10. Calculate the highest common divisor of j and x.
11
Suppose 0*j = 5*j - 320. Calculate the highest common factor of 32 and j.
32
Suppose -6*c = -4*c - 2. What is the highest common factor of c and 1?
1
Suppose 2*p + 3*p - 150 = 0. Suppose -5*j = -25 - p. Let v = 23 - j. What is the highest common divisor of 30 and v?
6
Let i be (8/(-6))/(4/6). Let r be 2/((-4)/i) - 0. Calculate the highest common divisor of r and 1.
1
Suppose -5*v = -h - 1, -67 + 26 = 3*h + 4*v. Let y = h + 31. What is the greatest common factor of y and 5?
5
Let c(d) = -d**2 + 14*d - 11. Let i be c(10). Calculate the highest common divisor of i and 290.
29
Let b be 10/6*(-10 - -13). Suppose -j + b*u = -2*j - 11, -2*u - 52 = -3*j. What is the greatest common divisor of 98 and j?
14
Suppose -4*y = -6*y - 32. Let x be (12/y)/((-1)/4). What is the greatest common divisor of 3 and x?
3
Suppose -5*s - 3*q + 72 = 0, s + 4*q - 25 = 3. What is the highest common factor of 96 and s?
12
Suppose -3*j + 50 = 2*j. What is the highest common divisor of j and 50?
10
Let q be (6/5)/(3/100). Calculate the greatest common factor of q and 50.
10
Let d(x) = -x**3 - 4*x - 7 + 4*x - 6*x**2 + x. Let z(b) = b**2 + 12*b + 13. Let q be z(-10). Let n be d(q). Calculate the highest common factor of 5 and n.
5
Let f = 10 - -1. Suppose 4*s - 64 = 5*l, 0 = 5*s + 2*l - 62 + 15. What is the greatest common factor of s and f?
11
Let a = 6 + 14. Calculate the greatest common factor of 4 and a.
4
Let r(d) = 2*d**2 - 11*d + 9. Let o be r(11). What is the highest common factor of 13 and o?
13
Suppose -5*y + d + 3*d = -164, y + d - 31 = 0. Calculate the greatest common divisor of y and 48.
16
Let t be -18*(4 - 8)/12*24. Calculate the greatest common divisor of t and 36.
36
Suppose -63 = -5*m - 4*m. Calculate the greatest common divisor of m and 7.
7
Let o(t) = -15*t**3 - 2*t**2 - 3*t - 4. Let y be o(-2). What is the greatest common divisor of y and 19?
19
Let c = -14 + -4. Let l be -10*2*c/3. Calculate the highest common factor of l and 15.
15
Suppose 4*c - 56 = -h, -3*c - 2*h - h + 33 = 0. Let j be (-15)/(-6) + (-1)/(-2). Suppose -2*x + 675 = j*x. What is the highest common factor of c and x?
15
Suppose 4*p - 3 = p. Let d = p + 4. Calculate the greatest common factor of 5 and d.
5
Suppose -9 = -5*q + 11. Calculate the highest common divisor of 1 and q.
1
Let x be (-40)/12*(-12)/5. Let j(z) = 2*z**2 - 5*z + 9. Let w be j(x). Let u = w - -20. Calculate the greatest common factor of 13 and u.
13
Let j be 8/7*(0 - -7). Let i be -1*-1*0/(-2). Suppose i*f + f = 72. Calculate the highest common factor of j and f.
8
Let b = 29 - 76. Let s be 12/(-54) - b/9. What is the highest common factor of 20 and s?
5
Let o = 12 - 42. Let c = o - -125. What is the greatest common divisor of c and 38?
19
Let w be (63/3 - -2)*(0 + 2). What is the greatest common divisor of 23 and w?
23
Let a be ((-10)/(-6))/((40/(-135))/(-8)). Let b(r) = r**3 + 6*r**2 + 5. Let u be b(-6). What is the highest common factor of u and a?
5
Let a(d) be the first derivative of d**3/3 + 9*d**2/2 + 6*d - 1. Let l be a(-9). Calculate the highest common factor of 48 and l.
6
Let p be (-4)/(-14) - (-1004)/14. Suppose p = 4*b - 0*b. What is the highest common factor of 27 and b?
9
Let c = -45 + 56. Calculate the highest common factor of 1 and c.
1
Let o = 45 - 20. Suppose -4*l = 4*w - 8, -2*w + 4*w + 11 = l. Calculate the highest common factor of o and l.
5
Let g be ((-25)/44 - 2/11)*-516. Calculate the greatest common factor of 43 and g.
43
Let f be (-2)/(-8) - 510/24. Let w be f/(-6) - (-2)/(-4). Calculate the greatest common factor of w and 24.
3
Suppose -2*a - 3*a - 110 = -2*t, -4*a + 165 = 3*t. Let s(p) = p - 11. Let u be s(6). Let y be (u/(-2))/(5/10). Calculate the highest common factor of y and t.
5
Suppose 3*j - 363 = 3*c - 1014, 4*c = -3*j + 833. Suppose 4*w = 76 + c. Suppose 5*z = 2*z + w. Calculate the highest common divisor of 60 and z.
12
Suppose 28 = 2*n - 3*b + b, -b + 40 = 2*n. Calculate the greatest common factor of n and 27.
9
Let l(p) = 54*p**2 - 2*p - 2. Let q be l(2). Let m be (4/(-3))/((-4)/q). Suppose 5*d - 14 = 36. What is the greatest common factor of m and d?
10
Suppose 0 = -3*i + 4 - 1. Suppose 2*g - i = 9. Let o = 0 + g. What is the highest common divisor of 45 and o?
5
Let t(l) be the second derivative of l**4/12 + 7*l**3/6 + 4*l**2 + 2*l. Let k be t(-8). Calculate the greatest common factor of 80 and k.
16
Let a = 26 - 6. What is the greatest common factor of a and 50?
10
Let r(f) = 73*f**2 - f - 2. Let h be r(-1). Calculate the highest common divisor of h and 96.
24
Let n be 0 + -1 - ((5 - 8) + -97). Calculate the highest common factor of 33 and n.
33
Suppose 2*s = 5*s - 198. What is the greatest common divisor of s and 6?
6
Let l be 444/45 - 8/(-60). Let u be 5/(33/(-18) - -2). What is the greatest common factor of l and u?
10
Let k be -1*1*1*-13. Suppose -2*w - 55 = q - 4*q, 5*q = -5*w - 125. Let y = -13 - w. Calculate the highest common factor of y and k.
13
Suppose 2*r - 3*q - 10 = 0, -2*r + 5*r + 5*q = -4. Let f(z) = 21*z**2 - 3*z + 3. Let i be f(r). What is the highest common divisor of 9 and i?
9
Let v = 8 - 8. Suppose -c = 5*i + 3 - 8, 4*c - i + 1 = v. Let r be ((-4)/(-6) + c)*180. Calculate the highest common divisor of 15 and r.
15
Suppose 4*g - 4 = 2*g. Suppose -g*o - 2*z - 14 = -4*o, z + 5 = 0. Let f be -1 - (0/o + -17). Calculate the highest common divisor of f and 64.
16
Let y(x) = -x**3 + 6*x**2 + 3*x - 3. Let a be y(6). Let j(o) = 3*o - 6. Let c be j(4). Calculate the greatest comm